e 2018?
False
Does 15 divide 4809?
False
Is 3 a factor of 360?
True
Is 352 a multiple of 11?
True
Does 11 divide 138534?
True
Does 20 divide 2280?
True
Does 26 divide 1014?
True
Does 75 divide 1725?
True
Is 182 a factor of 22613?
False
Is 68 a multiple of 14?
False
Is 161467 a multiple of 55?
False
Does 10 divide 420?
True
Is 6665 a multiple of 6?
False
Does 47 divide 468?
False
Does 22 divide 1022?
False
Is 108 a factor of 2210?
False
Is 24 a factor of 177?
False
Is 25 a factor of 300?
True
Does 113 divide 7053?
False
Is 89 even?
False
Is 740 a multiple of 17?
False
Is 21465 a multiple of 45?
True
Is 32 a factor of 20249?
False
Is 8261 a multiple of 11?
True
Is 508 a multiple of 4?
True
Is 6016 a multiple of 94?
True
Does 43 divide 769?
False
Is 140 a multiple of 7?
True
Is 11 a factor of 275?
True
Does 16 divide 496?
True
Is 53 a factor of 3074?
True
Is 55 a factor of 60335?
True
Is 26428 a multiple of 143?
False
Does 379 divide 59242?
False
Is 21012 a multiple of 103?
True
Is 145 a factor of 53505?
True
Is 22336 a multiple of 16?
True
Is 29279 a multiple of 23?
True
Does 146 divide 4811?
False
Does 44 divide 714?
False
Does 8 divide 46?
False
Is 5 a factor of 19630?
True
Is 32 a factor of 17696?
True
Is 42 a factor of 3612?
True
Is 19 a factor of 7676?
True
Does 36 divide 792?
True
Does 31 divide 6324?
True
Is 28 a factor of 1267?
False
Is 32148 a multiple of 94?
True
Is 15571 a multiple of 23?
True
Is 11 a factor of 13965?
False
Is 21527 a multiple of 11?
True
Is 2574 a multiple of 83?
False
Is 496 a multiple of 41?
False
Is 81 a factor of 6966?
True
Is 35857 a multiple of 23?
True
Does 30 divide 12900?
True
Is 15 a factor of 7890?
True
Does 4 divide 3774?
False
Does 534 divide 116350?
False
Is 8070 a multiple of 6?
True
Is 3 a factor of 7672?
False
Is 131618 a multiple of 43?
False
Does 34 divide 6902?
True
Does 12 divide 492?
True
Does 53 divide 3339?
True
Is 4471 a multiple of 17?
True
Is 788 a multiple of 2?
True
Is 21 a factor of 19544?
False
Is 14 a factor of 3276?
True
Is 31238 a multiple of 24?
False
Does 29 divide 4035?
False
Does 10 divide 16056?
False
Is 220 a multiple of 20?
True
Is 155 a factor of 12400?
True
Does 12 divide 721?
False
Does 12 divide 948?
True
Does 3 divide 210?
True
Is 49589 a multiple of 17?
True
Is 530 a multiple of 53?
True
Is 32 a factor of 480?
True
Is 1094 a multiple of 43?
False
Does 7 divide 200?
False
Does 58 divide 14210?
True
Is 2379 a multiple of 28?
False
Is 4 a factor of 78?
False
Does 7 divide 35014?
True
Is 900 a multiple of 4?
True
Is 2499 a multiple of 17?
True
Is 6 a factor of 161?
False
Does 27 divide 2303?
False
Does 51 divide 535?
False
Does 322 divide 55071?
False
Is 14 a factor of 12572?
True
Does 35 divide 30975?
True
Does 61 divide 15006?
True
Does 26 divide 3936?
False
Is 59 a factor of 5218?
False
Is 1983 a multiple of 28?
False
Is 16497 a multiple of 16?
False
Is 12 a factor of 1226?
False
Is 36 a factor of 610?
False
Is 40 a factor of 2960?
True
Is 27 a factor of 424?
False
Does 27 divide 367?
False
Does 96 divide 98370?
False
Is 31 a factor of 2480?
True
Does 24 divide 95?
False
Is 84825 a multiple of 145?
True
Is 1544 a multiple of 193?
True
Is 100738 a multiple of 11?
True
Is 1065 a multiple of 14?
False
Does 97 divide 873?
True
Is 8 a factor of 230?
False
Is 2198 a multiple of 5?
False
Does 3 divide 192?
True
Is 8041 a multiple of 5?
False
Is 20900 a multiple of 55?
True
Is 12 a factor of 261?
False
Is 4 a factor of 932?
True
Is 86 a factor of 196?
False
Does 2 divide 1042?
True
Is 3 a factor of 11512?
False
Is 178 a factor of 9537?
False
Does 105 divide 21735?
True
Does 18 divide 25099?
False
Is 33 a factor of 759?
True
Is 6336 a multiple of 64?
True
Is 1514 a multiple of 24?
False
Is 1070 a multiple of 101?
False
Is 24130 a multiple of 9?
False
Does 21 divide 19194?
True
Is 1344 a multiple of 8?
True
Is 5 a factor of 2630?
True
Does 31 divide 901?
False
Is 50 a factor of 3073?
False
Is 176 a multiple of 16?
True
Does 5 divide 102?
False
Does 13 divide 2600?
True
Is 325 a multiple of 24?
False
Is 16 a factor of 25651?
False
Does 12 divide 9660?
True
Is 442 a multiple of 26?
True
Is 6 a factor of 394?
False
Is 3014 a multiple of 51?
False
Is 5208 a multiple of 34?
False
Is 24 a factor of 411?
False
Does 59 divide 6372?
True
Is 225 a multiple of 9?
True
Does 7 divide 474?
False
Is 41 a factor of 8036?
True
Does 5 divide 4710?
True
Is 63 a factor of 196?
False
Is 16414 a multiple of 58?
True
Is 1053 a multiple of 30?
False
Does 40 divide 560?
True
Is 78 a factor of 3494?
False
Is 23472 a multiple of 24?
True
Is 2 a factor of 579?
False
Is 397 a multiple of 4?
False
Is 138 a factor of 11683?
False
Is 29 a factor of 80591?
True
Is 49 a factor of 10472?
False
Is 4500 a multiple of 7?
False
Is 1309 a multiple of 17?
True
Is 125 a factor of 3578?
False
Is 75 a factor of 4555?
False
Does 291 divide 121056?
True
Does 13 divide 6391?
False
Is 44 a factor of 651?
False
Is 10 a factor of 4780?
True
Does 221 divide 68952?
True
Is 224 a factor of 36736?
True
Does 4 divide 8651?
False
Does 76 divide 57729?
False
Is 4116 a multiple of 28?
True
Is 105 a factor of 6615?
True
Does 12 divide 2304?
True
Is 17 a factor of 238?
True
Does 6 divide 10169?
False
Does 2 divide 74?
True
Does 2 divide 958?
True
Is 12600 a multiple of 50?
True
Is 13 a factor of 3475?
False
Is 5031 a multiple of 23?
False
Is 33697 a multiple of 29?
False
Is 157 a multiple of 6?
False
Does 85 divide 2395?
False
Is 685 a multiple of 27?
False
Is 8880 a multiple of 8?
True
Does 12 divide 5976?
True
Is 1032 a multiple of 7?
False
Does 31 divide 1421?
False
Is 120 a multiple of 12?
True
Is 254 a multiple of 67?
False
Does 69 divide 828?
True
Does 16 divide 1664?
True
Is 83 a multiple of 3?
False
Is 848 a multiple of 16?
True
Is 1212 a multiple of 202?
True
Is 18 a factor of 3474?
True
Is 176 a multiple of 4?
True
Does 5 divide 170?
True
Is 10 a factor of 36621?
False
Does 12 divide 29364?
True
Is 715 a multiple of 13?
True
Does 18 divide 7662?
False
Is 192 a multiple of 48?
True
Does 53 divide 12190?
True
Is 11 a factor of 517?
True
Is 250 a multiple of 25?
True
Does 14 divide 195?
False
Is 228 a multiple of 19?
True
Is 10 a factor of 50?
True
Is 20 a factor of 1060?
True
Is 145 a factor of 1740?
True
Does 19 divide 3116?
True
Is 1148 a multiple of 7?
True
Is 75 a factor of 15632?
False
Is 3 a factor of 12?
True
Is 4290 a multiple of 66?
True
Is 6072 a multiple of 22?
True
Is 25 a factor of 19975?
True
Does 57 divide 51699?
True
Is 27 a factor of 918?
True
Does 35 divide 2100?
True
Is 515 a multiple of 14?
False
Is 44 a factor of 264?
True
Is 43 a factor of 2537?
True
Is 22 a factor of 4114?
True
Is 572 a multiple of 23?
False
Does 27 divide 46845?
True
Is 26352 a multiple of 36?
True
Is 119 a factor of 1666?
True
Does 23 divide 53?
False
Is 69 a factor of 4968?
True
Is 2969 a multiple of 17?
False
Is 42 a factor of 2940?
True
Does 4 divide 1349?
False
Does 27 divide 3049?
False
Does 71 divide 2769?
True
Is 21 a factor of 1477?
False
Is 70704 a multiple of 72?
True
Does 82 divide 36265?
False
Is 33 a factor of 391?
False
Is 27346 a multiple of 8?
False
Is 98 a factor of 4819?
False
Is 3584 a multiple of 28?
True
Is 54 a factor of 3312?
False
Is 42184 a multiple of 289?
False
Does 79 divide 16116?
True
Does 60 divide 420?
True
Does 101 divide 909?
True
Is 1480 a multiple of 6?
False
Does 3 divide 2637?
True
Is 161 a multiple of 7?
True
Does 17 divide 27892?
False
Does 231 divide 48662?
False
Does 10 divide 910?
True
Does 65 divide 324?
False
Is 24 a factor of 15119?
False
Is 27 a factor of 2538?
True
Is 2432 a multiple of 32?
True
Is 4232 a multiple of 4?
True
Does 18 divide 7277?
False
Is 27400 a multiple of 32?
False
Does 58 divide 67164?
True
Is 651 a multiple of 3?
True
Is 12028 a multiple of 62?
True
Is 15452 a multiple of 63?
False
Is 41614 a multiple of 21?
False
Does 49 divide 1150?
False
Is 24 a factor of 158?
False
Does 49 divide 29848?
False
Is 32669 a multiple of 148?
False
Is 38 a factor of 7576?
False
Is 6723 a multiple of 39?
False
Is 8 a factor of 206?
False
Does 98 divide 2646?
True
Does 79 divide 2195?
False
Is 15 a factor of 1830?
True
Is 794 a multiple of 15?
False
Is 72 a factor of 55512?
True
Does 56 di